5 and x?
27
Let f be 75/21 + (32/(-14))/4. Calculate the highest common divisor of 3 and f.
3
Let h = 18 - 18. Suppose -v + h*v = -36. Suppose -4*z - 4*a = -104, 0 = 5*z - 3*a - 174 + v. What is the highest common factor of z and 18?
9
Suppose 451*d + 45 = 456*d. What is the highest common factor of d and 81?
9
Suppose 5*i = 20, c - 5*i + i = -6. Suppose 4*u - 11 = 25. Let v be (c + 1)/(3/u). What is the highest common factor of v and 22?
11
Suppose -2*t + 0 = -8. Let v be -1*(-11 - t/(-1)). Let c(f) = f**3 + 5*f**2 - 2*f - 3. Let d be c(-4). Calculate the highest common divisor of v and d.
7
Let l be (-13)/3 - 2/3. Let c be 9 + l - (-61 + 6/3). Calculate the greatest common factor of c and 21.
21
Let d(a) be the first derivative of 2*a**3/3 - a**2/2 - 4*a + 1. Suppose 13*x - 8*x - 15 = 0. Let u be d(x). What is the highest common factor of 33 and u?
11
Suppose -5844 = 2*s - 14*s. Suppose -2348 = -7*y + s. What is the greatest common divisor of 45 and y?
45
Let z be (-2)/(((-4)/(-6))/(-1)). Let u = 117 - 112. Let v(o) = -o**3 + 4*o**2 + 9*o - 11. Let s be v(u). Calculate the greatest common divisor of s and z.
3
Let j(f) = -97*f. Let l be j(-3). Let i be (-4)/(-18) + l/27. What is the greatest common factor of i and 44?
11
Suppose 3*y - 74 = 4*q, -3*y - 84 = -7*y - 2*q. Calculate the greatest common factor of 4 and y.
2
Suppose 0 = 4*t - 53 - 95. Let z = t - 21. Calculate the greatest common factor of 176 and z.
16
Let n be 270/(-81)*(-28 - (-1 + 0)). Suppose -5*y = -10*y + n. Let m be (0 + -72)*(-1)/2. What is the highest common divisor of m and y?
18
Suppose -q = 2*v - 1276, 0 = -4*v + 4*q - 0*q + 2576. Let z be (v/(-24))/((-2)/6). Calculate the highest common divisor of z and 10.
10
Let k = 200 + -59. Let x = -138 + k. Calculate the greatest common factor of x and 12.
3
Let h = -1437 + 1500. Calculate the greatest common factor of h and 2016.
63
Let x(w) = w**3 + 12*w**2 + 2*w + 29. Let q be x(-12). Suppose 0 = q*l - 15, -4*l + 28 = c + c. Calculate the highest common divisor of 8 and c.
8
Let y = -14 + 16. Suppose 1 = 3*d - y. Let u be 3/(2 - 1)*d. Calculate the highest common divisor of u and 27.
3
Let m be (-3860)/(-45) - 5/((-45)/2). Let i = m - 58. Let p = 9 - 2. Calculate the greatest common factor of i and p.
7
Let w(a) = -50*a**3 - 22 + 7*a**2 + 2*a + 0*a**2 - 42*a**3 + 93*a**3. Let g be w(-5). What is the highest common factor of g and 9?
9
Suppose 3*s = -5*o + 744, 744 = 3*s - 4*o + 5*o. What is the highest common divisor of 62 and s?
62
Let w = -509 - -581. Calculate the highest common factor of 136 and w.
8
Let q be (-35)/7 - -4 - 10*-2. What is the highest common factor of q and 76?
19
Let s be (5 - 10) + (3/(-3) - -24). Calculate the greatest common divisor of 8 and s.
2
Suppose -p - 5*j = -9*j - 69, 5*j = 4*p - 276. Calculate the greatest common factor of 552 and p.
69
Let m(f) = f**2 + 2*f + 21. Let g = -21 - -29. Let b = -8 + g. Let y be m(b). What is the highest common factor of y and 3?
3
Suppose -5*n + 825 = 3*y, 597 + 80 = 4*n - y. Suppose 0 = 2*z - 11 - 31. What is the greatest common divisor of z and n?
21
Let y(o) = o - 7. Let t be y(13). Let l = -61 - -103. What is the highest common factor of t and l?
6
Suppose 5*d - 9 = 46. Let m = d - 3. Suppose m*o - 10 = 3*o. Calculate the greatest common divisor of 16 and o.
2
Let z(k) = -11*k + 29. Let a be z(-3). What is the highest common factor of a and 186?
62
Suppose -21*s - 4732 = -49*s. Calculate the greatest common factor of s and 52.
13
Let g = -35 + 29. Let i be (-3)/((-18)/116) + (-4)/g. What is the highest common divisor of 5 and i?
5
Let y be (15 - 0/3)/1. Let m = y + 12. Let s = m - 14. What is the highest common factor of 26 and s?
13
Suppose 3 = -l + 9. Let m be (-55)/(-22)*(-1 + 7). What is the greatest common divisor of m and l?
3
Suppose -2*x = -3*d + 2276, -5*d - 5*x + 753 = -4*d. Let n = d - 384. What is the highest common factor of 34 and n?
34
Let n(r) = -3*r**2 - 8*r. Let c be n(-1). What is the greatest common divisor of c and 4?
1
Let d(x) = -x**2 + x + 34. Let w be d(0). Let m be (7/14)/((-4)/(-680)). Calculate the highest common divisor of w and m.
17
Let k = 30 + -30. Suppose -4*h = -3*j - k*h + 116, -41 = -j - h. Let r = -15 + 23. What is the greatest common divisor of r and j?
8
Suppose -9*s = 4*s - 3276. What is the highest common divisor of 56 and s?
28
Let z be 1*-3*-1*(-4)/(-6). Suppose g + 10 = 6*g, 2*g - 10 = -z*n. Calculate the greatest common divisor of 24 and n.
3
Let l = -307 + 435. Suppose -2*z = -4*h + 7 + 47, 3*h = -z + 53. Calculate the greatest common factor of h and l.
16
Let b be ((-10)/(-20))/(2/4). Let h = -196 - -197. What is the highest common divisor of h and b?
1
Let v be 2/1*(5 + 41). Calculate the highest common factor of 36 and v.
4
Let k be -1*(963/(-9) - -7). What is the highest common divisor of 450 and k?
50
Let f be -32 - (-1)/(1 - 2). Let o = 1891 - 1837. Let g = o + f. What is the greatest common divisor of g and 105?
21
Let q = -32 - -59. Let t be -339*-3*3/q. Suppose -f = -5*f - 5*i + t, -2*f - 3*i = -59. Calculate the highest common divisor of 110 and f.
22
Let b be 143 + -15 + 20/2. What is the greatest common divisor of b and 1173?
69
Let p(n) = 4*n + 55. Let d be p(-13). Suppose -q + 29 = c - 4, -d*q = 9. Calculate the greatest common factor of 9 and c.
9
Suppose -4*k = -5*i - 0*i, -4*i = -3*k - 1. Let u(f) = 16*f**2 - 2*f + 4. Let l be u(i). What is the highest common divisor of 12 and l?
12
Let b be (-135)/30*(-1 - 1). What is the highest common divisor of b and 18?
9
Let v(u) = u**3 + 8*u**2 + 7*u + 8. Suppose -3*s = -2*s + 7. Let g be v(s). Calculate the highest common divisor of g and 88.
8
Suppose -2*q = 9*u - 7*u - 44, -2*u + 80 = 4*q. Suppose 6*m - 3*m - 189 = 0. Calculate the highest common divisor of q and m.
9
Let v be 19 + 4655/(-247) + (-178)/(-26). Let n be 1/6 + (-26)/12. Let l = -1 - n. Calculate the greatest common factor of l and v.
1
Suppose -48 + 13 = -5*t. Let b = -3 + t. Suppose 6*h = b*h + 160. Calculate the greatest common divisor of h and 16.
16
Suppose -116 = 55*n - 57*n. Calculate the highest common divisor of n and 58.
58
Let n(f) = -f**3 - 6*f**2 + 23*f + 3. Let t be n(-9). Calculate the highest common divisor of 715 and t.
13
Suppose 2*g + 5*p + 16 = 0, -3*p = 17 - 5. Suppose -4*q + m = -4*m - 33, g*m + 30 = 4*q. Calculate the highest common divisor of q and 28.
7
Let o(j) = j**3 + 6*j**2 - 2*j + 13. Let x be o(-5). Calculate the highest common divisor of x and 80.
16
Suppose -2*l + 0*t + 9 = 3*t, 3*l - 6*t = 24. Suppose -2*d = -d - 9. Calculate the highest common factor of d and l.
3
Let t be ((-122)/3)/(8/36). Let r = t - -315. What is the highest common factor of r and 12?
12
Suppose -2*f + 590 = 2*c, -8 = 2*c + 2*c. Let v = 37 - 27. Suppose v*z - 192 - 138 = 0. Calculate the greatest common factor of z and f.
33
Suppose 0 = 54*v - 43*v - 396. Calculate the greatest common factor of 12 and v.
12
Let h(y) = -y**3 + 10*y**2 - 15*y + 8. Let r be h(8). What is the highest common factor of r and 20?
4
Suppose 2*v = -4*b + 1206, b - 2*v - 279 = -7*v. What is the highest common divisor of b and 16?
16
Let n = 16 + -12. Suppose -3*x + 4*q = -q + 64, -4*x - 4*q - 32 = 0. Let c = x + 19. Calculate the highest common divisor of c and n.
2
Let j be (-4)/(-26) + (-37430)/(-65). What is the highest common factor of j and 9?
9
Let v = 1478 - 1452. What is the highest common divisor of 221 and v?
13
Let h = 1469 - 3432. Let r = -1162 - h. Let m be 1/(-2) + r/18. What is the highest common divisor of m and 11?
11
Let s be (-12)/15*(-56 + 1). Let w = 57 - s. Calculate the highest common factor of 78 and w.
13
Let c = -99 - -189. Suppose -2*u = 3*u - q - 50, 3*u - 30 = -4*q. What is the greatest common divisor of c and u?
10
Suppose 12*s + 120 = 20*s. What is the greatest common divisor of s and 1440?
15
Let l be (-13)/(104/112)*-4. Calculate the greatest common divisor of 252 and l.
28
Let g(w) = -2*w**3 + 2*w**2 + 5*w - 1. Suppose 2*v - 5 = -13. Let n be g(v). Let f = n + -40. Calculate the greatest common factor of f and 11.
11
Suppose -4 = 5*w - 3*w, -2*m - 30 = 4*w. Suppose -45 = 6*l - 159. Let h = l + m. Calculate the greatest common divisor of 8 and h.
8
Suppose 0 = -2*t + 4*n + n 